 the value of 9 + (-33 - (-6 + 2) - -10)?
-10
Evaluate 18 + -48 + -170 + 105.
-95
What is -16 + 13 + 74 + -176?
-105
What is the value of 28 - 0 - (-33 + -230 + 223)?
68
Calculate (-73 - (-25 - 100)) + -28.
24
What is the value of -32 + -1 - (-89 - (-33 + -50))?
-27
Calculate 7 + (17 + -1 + -32 - 3).
-12
Calculate 13 + (4 - 3) + (-100 - (-69 + 77)).
-94
Evaluate (-65 + 26 + -2 - -8) + -20.
-53
What is -35 - 8 - (34 - 60 - -52)?
-69
What is the value of 54 - ((-112 - -30) + 133)?
3
What is -1 - ((18 - 19) + -1 + 44) - (-4271 + 4268)?
-40
What is 8 + 7 + 12 + (2 - -3) + (85 - 53)?
64
-160 - (115 - 332) - -42
99
Calculate -36 + (-7 - (-7 + 24 - 3)).
-57
What is -11 - (-8 + -10 + (12 - 14) + -4)?
13
-4 + (72 - (-12 + -11 - -30))
61
Evaluate -26 - (-29 + 3 + 76).
-76
(12 - (-64 + 25)) + -25 + -91
-65
What is the value of -83 + 9 - 0 - -58?
-16
Calculate -19 - (-43 + 19) - (-40 + 0 + 0).
45
Evaluate (-16 - -7) + (4 - (0 - -1) - (12 + -37)).
19
1 - ((-81 - 10) + 41)
51
Evaluate (-29 - -12) + 10 + (-1 + 4 - (1 - -5)).
-10
What is 43 - -4 - (13 - -1 - (29 + 28 - 46))?
44
What is the value of 1 + (1 - -4) + -33 + 66 - (31 - 22)?
30
What is 51 + -64 + 72 + 20?
79
Evaluate 61 + 34 + -38 + 3.
60
What is the value of 38 + (-26 + 51 - 0) - -8?
71
What is -40 - -24 - (3 + 2 + (-4 - (0 - -7)))?
-10
Calculate -5 + -1 - (79 - (76 + -38)).
-47
(447 - 453) + 2 + 0 - (-1 - 82)
79
What is the value of -1 + -6 + -1 + (2111 - 2119) - -15?
-1
Calculate (-20 - (-48 - -8)) + -98 - (4 - -4).
-86
Calculate (24 + -119 - -68) + 25.
-2
-18 - (-1 - -14 - (-36 - -80 - -19))
32
What is -64 + (108 - 37) + 0?
7
(70 + -164 - -5) + 166
77
What is 21 + -258 + 99 + 171?
33
What is the value of -265 + 87 + 52 + (-1 - -1) + -1 + -1?
-128
Calculate (-24 + 11 - 7) + (34 - 73).
-59
What is -36 + -2 - (9 + -28 + 44 + -33)?
-30
Evaluate 21 + 0 + -16 + 16 - 16 - 113.
-108
Evaluate 1 - -123 - (-4204 + 4257).
71
-36 + 28 - (7 + -7 - 22)
14
Evaluate 33 - ((-23 - 10) + 37) - -19.
48
Calculate 1 + (-9 - -1) + -33 + 371 + -380.
-49
What is -3 + (-11 - 1) + (27 - 11) + 71?
72
Calculate (0 - -44) + (-6 - 30) + 27.
35
What is the value of 26 - (19 + -14 + (19 - (9 + 4)))?
15
Calculate (10 + -74 + 38 - 27) + 22.
-31
What is the value of 1 - -1 - (83 + -93 - (-13 - 2))?
-3
What is the value of 37 - (-72 - -14 - -112)?
-17
What is the value of 27 + (-4 - -76) + -54?
45
What is the value of 25 + (7 - 11) - 19 - 21?
-19
What is (22 - 66) + 52 - (2 + 0 - -33)?
-27
Calculate (16 - 55) + 3 + (-56 - -185).
93
What is the value of (-5 - (-16 + -3 + 5)) + -5 - (-562 - -490)?
76
Evaluate 5 + -2 - (25 + -7) - (5 + -55).
35
Calculate -39 + -2 + (-4 - (-10 + 10 + 0 - 5)).
-40
What is 5 + -52 + (-4 - (-11 + 14 + 9))?
-63
16 - (-118 + 136 + -8 + 2 - -76)
-72
(-21 - -37) + -15 - -9 - (4 + 12 - -1)
-7
What is the value of (-4 - -3) + (127 - 117) - -43 - 2?
50
What is the value of 9 - (-1 + 2) - (-156 + 84)?
80
Evaluate 27 - 1 - 2 - (-6950 - -7043).
-69
What is the value of 23 - 1 - (-11 - (-33 - -21 - 13))?
8
Calculate -11 + 19 + -28 + 0 - -12.
-8
Evaluate -1 + 31 + (-31 - -23) - (-11 - 1).
34
Calculate -17 + -6 + 5 + 1 + (1 - -1).
-15
Evaluate 216 + -145 - 106 - (-113 - -1).
77
What is (24 - 8) + 5 - (1 + -9)?
29
Calculate (-1409 - -1344) + 0 + -3 + -18 - -21.
-65
What is the value of 9 + (-22 - ((8 - 3) + -9 + 11 + 1))?
-21
What is the value of (-155 - -134 - (-6 - 11)) + -40?
-44
Calculate 99 + (45 - 298) - -172.
18
Calculate (-12 + 1 - -1) + 953 + -942 + 0.
1
What is the value of 22 - 11 - ((85 - -1) + -78 + 58 + 6)?
-61
Calculate -44 - -69 - -13 - 71 - -116.
83
What is the value of 46 + -64 + (2 - 8) + (9 - 4)?
-19
-69 - 6 - (-711 - -616)
20
41 + -2 - -3 - (-1627 - -1587)
82
Evaluate 33 - (-21 - -69) - -71.
56
What is (-127 + -43 - -117) + 58?
5
(-20 - -30 - 4) + (-13 - 4)
-11
What is the value of (29 - (6 + 28 + -17)) + -10 + 1?
3
What is the value of (2 - -18) + ((2 - 15) + (19 - 14) - -18)?
30
Calculate -1551 - -1525 - (-82 + 6).
50
What is the value of 10 - (-2 + -2 - -6) - (-3 + -12 + 10)?
13
Calculate (-5 + -19 - (-57 - -38)) + 26 + 0.
21
Evaluate -86 + 84 - (-10 + 79 - -8).
-79
What is the value of -36 - (-36 + 89 - 151)?
62
What is the value of -48 - (-16 + (-11 - -8) + (42 - 26))?
-45
Evaluate 82 - ((-28 - -9) + 9 + (1 - -10)) - 11.
70
Calculate 14 + (-43 - -64 - (24 - 0)).
11
Evaluate -7 - (2 + 28 + -2 + 13 + (-56 - -43)).
-35
Evaluate -74 - (14 + 14 + 7 + -37 + 8).
-80
What is the value of (-14 - -1) + (-124 - -106)?
-31
-4 - (-2 + -3 - (18 + 5 + -12))
12
Calculate -54 + 4 + (12 - -11).
-27
Calculate 4 - ((5 - -34) + -2 - (-87 + 84)).
-36
What is the value of -73 + 90 + (-4 - 18)?
-5
Evaluate -42 - (4 + 4 + 2 - (-38 - -17 - -21)).
-52
(67 - -14) + -10 - (1 - -17)
53
What is the value of 3 + 19 - (-16 + 12 + 20 + -15)?
21
What is -21 + (1 - -8 - (19 - -27 - 28))?
-30
What is the value of -88 - (-70 + 97 + -35)?
-80
Calculate (-38 - -1) + 724 + -671.
16
-1610 + 1616 - (1 - -35)
-30
Calculate -15 + (8 - -6 - (7 + -19)) + -32.
-21
What is 10 + -42 + (32 - -5) - -23?
28
Calculate -13 - (-46 + 19 + (-2 - 6 - -22)).
0
What is the value of (-2 + -28 - (6 + 0 - 12)) + -12?
-36
What is -47 - (-39 + 77 + -100)?
15
(-7 - (-5 + -1 + -31 + 25 + 15)) + 90
80
Evaluate 6 - (-15 + (22 - 13)) - (-11 + -22).
45
What is (4 - (-1 + 0) - -1) + -694 + 714?
26
What is the value of -2 + 18 + 3467 + -3491?
-8
What is -3 - -17 - (6 - (-20 + 24)) - -5?
17
What is the value of (1663 - 1569) + 0 + -62?
32
Evaluate -1 + -9 + 3 + 9 + -3 - (-6 + 75).
-70
-11 + (9 - -5 - 24) + (0 - -115)
94
What is the value of (31 - 15) + (-6 - (2 + 3 + -52))?
57
Evaluate (3 - (3 + 0)) + -135 + 119.
-16
What is the value of 0 + (-18 - -1 - (-252 + 259) - -8)?
-16
Evaluate 5 + -1 - (-101 + 64 - -48).
-7
Calculate -34 + (22 - (33 - -15 - 23)).
-37
-20 + -111 - 4 - (-69 - -46)
-112
-130 - (-5 - 32 - 70)
-23
Evaluate (1 - 4 - (7 - -1)) + 308 + -256.
41
(3 - -9) + (80 - (2 + 1) - -12)
101
Evaluate (27 - (48 - 24)) + (12 - -1) + -48.
-32
Evaluate -87 - 39 - ((8 - (7 - (3 - -6))) + -13).
-123
What is -123 - (23 - -21 - 82)?
-85
Calculate (-1 - 60) + -2 + 4 + 96 + -62 + -33.
-58
What is (6 - 6 - 2) + (-19 - -19) + 25 + 1?
24
What is the value of (171 - 55) + (-80 - -9)?
45
What is the value of -41 - (-42 + 20 - (114 + -5))?
90
Calculate 114 - 20 - 280 - -124.
-62
What is the value of -2 + 108 + -3 + 373 + -400?
76
Evaluate -107 + (0 - 3 - (22 + -1 + (-180 - -169))).
-120
What is the value of 38 - -2 - ((32 - -9) + (261 - 300))?
38
-45 + 2 - -18 - -65
40
What is 43 + (-2 - (8 + -10) - 12) - (3 + 0)?
28
What is 1 + -3 + -5 + -31?
-38
What is -103 + (106 - 104) + -8?
-109
What is -84 + -72 + 129 + -14?
-41
Evaluate (12 - (16 + 11 + -25)) + -9 + 5 - -44.
50
Calculate 0 + 1 + (0 - -19) - 23.
-3
(476 + -470 - (133 + 0)) + (5 - 0) + 8
-114
What is the value of 77 - (-115 - -126 - (0 - -18))?
84
(13 - 25) + (13 - (3 + -10)) + (-10 - 1)
-3
Evaluate 1188 + -1218 - (-75 - -2) - 50.
-7
What is -70 - (-46 + 7 + 10 + (3 - -1))?
-45
What is the value of 1 - (69 - (47 - -7))?
-14
What is the value of -11 + -6 + 29 + (-36 - -40)?
16
What is the value of -37 + 28 + 2 + -13 - ((0 - -1) + -8)?
-13
Evaluate (-6 - (25 - 6)) + 32 - (-15 + 1).
21
Evaluate 23 - (-5 - (-42 - 31) - -23).
-68
Evaluate (150 - 118) + -83 + 19.
-32
Evaluate (-38 - -38) + (-43 - 3) + 2.
-44
Evaluate (18 - (28 + -15)) + 33.
38
Calculate 73 - 3 - (-38 + 31).
77
Evaluate 576 + -548 + (-3 - (-6 - (-4 - -3))).
30
Evaluate -1 + (5 - 2 - 0 - 1) + -1016 + 961.
-54
Calculate (-13 - (-3 + 19 + -50)) + -20.
1
Calculate 2 + (27 - 4 - 8 - (6 - 1)).
12
What is the value of -19 + (7 - -4) + 7?
-1
Evaluate -93 - ((-30 - (-60 + 21)) + (-17 - 1)).
-84
Evaluate 0 + -25 - (4 - (20 + -4) - (189 - 205)).
-29
Calculate 18 - (9 - 21 - -85).
-55
Evaluate 85 + (1 - 20 - (-4 + -10 + 10 - 3)).
73
Evaluate -21 - ((-980 - -867) + (-15 - -1)).
106
Calculate -78 - (-9 - -104 - 56).
-117
Evaluate 116 + (0 - -3 - 0) + 5770 + -5790.
99
25 + (2 - 15) - 94
-82
What is -4 + 15 + 7 + (-14 - -3) + -2?
5
Evaluate -2272 - -2442 - (-1 + 124).
47
Calculate 81 - (-5 - (-16 - (15 + -13 + -2))).
70
Evaluate (33 - 2 - (5 - 4)) + (-1309 - -1313).
34
-126 + (58 - -153) - 211
-126
What is the value of -4 + (17 - (-6 + 11 - 11))?
19
What is 13 + (-38 - (17